997 is divided by 857?
856
Calculate the remainder when 3935609 is divided by 4901.
106
What is the remainder when 25186 is divided by 12134?
918
Calculate the remainder when 2543814 is divided by 45.
9
Calculate the remainder when 103869 is divided by 2685.
1839
What is the remainder when 1607434 is divided by 16?
10
What is the remainder when 508355 is divided by 340?
55
What is the remainder when 374005 is divided by 8113?
807
Calculate the remainder when 72984266 is divided by 444.
434
Calculate the remainder when 210972709 is divided by 4980.
4969
What is the remainder when 755378 is divided by 58104?
26
What is the remainder when 7403858 is divided by 566?
12
Calculate the remainder when 8720758 is divided by 997.
996
Calculate the remainder when 20026 is divided by 17505.
2521
Calculate the remainder when 11232237 is divided by 96.
45
What is the remainder when 118425823 is divided by 1575?
1573
Calculate the remainder when 496908 is divided by 70977.
69
Calculate the remainder when 24900 is divided by 24884.
16
What is the remainder when 2264444 is divided by 124?
80
Calculate the remainder when 55840 is divided by 26079.
3682
What is the remainder when 3370874 is divided by 150?
74
Calculate the remainder when 3360161 is divided by 840028.
49
Calculate the remainder when 4109336 is divided by 2054662.
12
What is the remainder when 1770701 is divided by 164?
157
What is the remainder when 29485167 is divided by 2474?
35
What is the remainder when 424885 is divided by 38613?
142
Calculate the remainder when 335401 is divided by 1814.
1625
What is the remainder when 5575846 is divided by 295?
51
What is the remainder when 6448253 is divided by 5804?
9
What is the remainder when 241161566 is divided by 8255?
8251
Calculate the remainder when 530768 is divided by 58974.
2
Calculate the remainder when 8708691 is divided by 87.
78
Calculate the remainder when 26510351 is divided by 33.
32
Calculate the remainder when 755293 is divided by 421.
19
Calculate the remainder when 132400 is divided by 130404.
1996
What is the remainder when 4061777 is divided by 451286?
203
What is the remainder when 1092475 is divided by 29?
16
What is the remainder when 305464 is divided by 7261?
502
What is the remainder when 61703127 is divided by 1121875?
2
What is the remainder when 155593 is divided by 8759?
6690
Calculate the remainder when 149001 is divided by 701.
389
Calculate the remainder when 114818223 is divided by 3275.
3273
What is the remainder when 38624209 is divided by 12874730?
19
What is the remainder when 220962634 is divided by 614?
612
Calculate the remainder when 1101756 is divided by 394.
132
What is the remainder when 32863704 is divided by 160?
24
What is the remainder when 5312940 is divided by 3731?
3727
What is the remainder when 7333155 is divided by 2827?
2744
What is the remainder when 152243206 is divided by 20?
6
Calculate the remainder when 586812 is divided by 720.
12
What is the remainder when 806358 is divided by 23033?
203
What is the remainder when 380089 is divided by 842?
347
What is the remainder when 15952858 is divided by 385?
383
Calculate the remainder when 320554 is divided by 22887.
136
Calculate the remainder when 641201 is divided by 2219.
2129
Calculate the remainder when 1752553 is divided by 2458.
2457
Calculate the remainder when 1886555 is divided by 54.
11
Calculate the remainder when 194707 is divided by 48608.
275
Calculate the remainder when 17864282 is divided by 651.
191
What is the remainder when 51331 is divided by 7982?
3439
Calculate the remainder when 144167314 is divided by 37.
33
Calculate the remainder when 36807 is divided by 8319.
3531
What is the remainder when 149333693 is divided by 81?
68
What is the remainder when 7609852 is divided by 15?
7
Calculate the remainder when 9769503 is divided by 1953899.
8
Calculate the remainder when 333109 is divided by 1078.
7
Calculate the remainder when 238221359 is divided by 29.
18
Calculate the remainder when 13130518 is divided by 79.
7
What is the remainder when 16178417 is divided by 54842?
27
What is the remainder when 235883 is divided by 78582?
137
What is the remainder when 1860148 is divided by 2252?
2248
What is the remainder when 869055 is divided by 213?
15
What is the remainder when 14137327 is divided by 279?
118
What is the remainder when 1069789 is divided by 9634?
415
Calculate the remainder when 4422201 is divided by 934.
645
What is the remainder when 18586730 is divided by 671?
30
What is the remainder when 13553124 is divided by 118?
116
What is the remainder when 665673329 is divided by 17?
11
Calculate the remainder when 188355 is divided by 76.
27
What is the remainder when 228242 is divided by 1023?
113
What is the remainder when 18554895 is divided by 93?
0
What is the remainder when 459258 is divided by 2863?
1178
Calculate the remainder when 5917274 is divided by 6524.
6
What is the remainder when 505216 is divided by 22?
8
What is the remainder when 707216 is divided by 957?
950
What is the remainder when 96396 is divided by 47961?
474
Calculate the remainder when 694444 is divided by 649.
14
Calculate the remainder when 13093652 is divided by 29097.
2
Calculate the remainder when 497638 is divided by 1320.
1318
What is the remainder when 5562387 is divided by 1854109?
60
Calculate the remainder when 636600 is divided by 10963.
746
Calculate the remainder when 2872538 is divided by 44883.
26
Calculate the remainder when 297771 is divided by 41853.
4800
What is the remainder when 64757546 is divided by 3?
2
What is the remainder when 2741791 is divided by 10714?
9721
What is the remainder when 78009 is divided by 67715?
10294
Calculate the remainder when 14299016 is divided by 271.
243
Calculate the remainder when 146031 is divided by 72796.
439
Calculate the remainder when 81708 is divided by 40795.
118
What is the remainder when 241501 is divided by 86?
13
What is the remainder when 632918 is divided by 909?
254
Calculate the remainder when 69327 is divided by 6459.
4737
Calculate the remainder when 17319987 is divided by 5773324.
15
Calculate the remainder when 1302494 is divided by 208.
206
What is the remainder when 60485902 is divided by 2318?
10
Calculate the remainder when 436494 is divided by 33488.
1150
Calculate the remainder when 3636 is divided by 1748.
140
Calculate the remainder when 47983 is divided by 7991.
37
What is the remainder when 151120 is divided by 7196?
4
What is the remainder when 19041020 is divided by 32?
28
What is the remainder when 8555585 is divided by 1706?
1701
What is the remainder when 446818 is divided by 2050?
1968
Calculate the remainder when 41999 is divided by 402.
191
What is the remainder when 50343892 is divided by 21?
4
Calculate the remainder when 4454117 is divided by 891.
8
Calculate the remainder when 463069 is divided by 46216.
909
Calculate the remainder when 20976485 is divided by 104.
101
What is the remainder when 21963 is divided by 1154?
37
Calculate the remainder when 1418554 is divided by 681.
31
Calculate the remainder when 3269240 is divided by 894.
776
What is the remainder when 431734995 is divided by 1580?
1575
What is the remainder when 1072076 is divided by 429?
5
What is the remainder when 1159254 is divided by 127?
125
What is the remainder when 1016814 is divided by 2562?
2262
What is the remainder when 20425880 is divided by 2466?
2
Calculate the remainder when 2214176 is divided by 2309.
2154
Calculate the remainder when 12154106 is divided by 9.
2
What is the remainder when 1853238150 is divided by 8542?
8540
What is the remainder when 77371486 is divided by 5451?
5443
What is the remainder when 368722 is divided by 9773?
7121
What is the remainder when 8297614 is divided by 2061?
28
Calculate the remainder when 76542493 is divided by 301.
300
Calculate the remainder when 938776 is divided by 5.
1
Calculate the remainder when 144800 is divided by 12030.
440
Calculate the remainder when 24109 is divided by 24017.
92
What is the remainder when 34646948 is divided by 11548982?
2
Calculate the remainder when 5583013 is divided by 1287.
7
What is the remainder when 63957409 is divided by 2539?
2538
Calculate the remainder when 345060124 is divided by